-8)/10)/((-36)/8640). Suppose -16 = -a*n + 188*n. Let u(v) = -v - 1. What is u(n)?
-5
Let n(h) = 2*h**3 - 45*h**2 + 21*h + 15. Suppose 47*g - 381 = 653. Give n(g).
-7
Let t(b) be the first derivative of b**4/4 - 4*b**3/3 - b**2 + 11*b - 648. Give t(3).
-4
Let n = 53 - 55. Let s be (n + 0)/((-2)/3). Let j(c) = -7*c**2 - 2 + 2*c**2 + 0*c + c + s. Give j(-1).
-5
Let x(w) = -358*w + 36 + w**3 + 354*w - 35. Calculate x(-2).
1
Let p(x) be the second derivative of -13*x**5/20 + x**4/6 - x**3/2 + x**2 - 3*x - 24. What is p(1)?
-12
Suppose 902 = 2*k - 2*m + 868, -29 = -5*k - 2*m. Let s(i) = -14*i + 118. Determine s(k).
-8
Let u(q) = q + 1 + 1 + 1 - 9*q + 9*q**2 - q**3. Let w be u(8). Let h be -7 + (3/w - 0). Let r(z) = -z**2 - 5*z + 5. Determine r(h).
-1
Let p(b) = b - 9. Let h be p(-11). Let t be h/24 + 116/24. Let v(z) = -z + 4 - 16 + 12 + t. What is v(-4)?
8
Let w(s) = 4*s**3 - s**2 + 2*s - 4. Suppose 5*q + 4*m = 6, -132*q + 130*q = -5*m - 9. Give w(q).
28
Let l(m) = m**2 + 7*m - 1. Let w(k) = -12*k**2 - 156*k + 15. Let r(o) = -4*l(o) - w(o). Determine r(-16).
-11
Let i(o) = -o**2 + 5*o - 2. Let a be (-1)/2*(8/(-5) + 262/(-655)). Give i(a).
2
Let c = -13376 + 13376. Let v(j) be the third derivative of 1/24*j**4 - 2/3*j**3 - 16*j**2 + 0*j + c. Calculate v(-4).
-8
Let f(k) = -682*k + 233*k + 4*k**2 + 0 + 0*k**3 - 2 - k**3 + 223*k + 235*k. Let c(z) = z**2 - 3*z + 2. Let y be c(4). Give f(y).
-20
Let m be 7/2*44/(-77). Let o(k) be the third derivative of -k**4/24 - k**3/3 - k**2 + 33*k. What is o(m)?
0
Let x be 292/(-6)*(-3)/(-14)*7. Let k = x - -107. Let l = k + -33. Let a(q) = -9*q**2. Calculate a(l).
-9
Suppose -15*s - 42 = -29*s. Let j(g) = -g**3 + 4*g**2 + g - 6. Calculate j(s).
6
Let z(p) = p**2 - 7*p + 13. Let m be z(5). Let u(a) = -13*a**3 + 6 + 6*a + 40*a**m - 14*a**3 - 5*a**2 - 14*a**3. Give u(-6).
6
Let v(m) = -3 + 8*m**2 - 10*m**3 - 4*m - 1 - 5 - 7 + 13. Determine v(1).
-9
Let h(q) = -q**3 + 9*q**2 - 11*q - 16. Let y(k) = -k**3 + 100*k**2 - 290*k - 90. Let r be y(97). Determine h(r).
5
Let d = 3138 + -3133. Let x(a) be the second derivative of a**4/12 - 5*a**3/6 + a**2/2 + 5*a. Determine x(d).
1
Let u(k) = 175*k - 415*k + 290*k + 127*k + 3*k**2 + 8. Determine u(-59).
8
Let q(r) = -r**3 - 8*r**2 + 2*r - 8. Let x(l) = -2*l**2 - 33*l + 353. Let n be x(-24). Give q(n).
-71
Let d(l) = -l**3 + 4*l**2 + 7*l - 3. Let s be 3*10/6*(-182)/(-65). Suppose -4*h - u + s = 2*u, 5*u + 20 = 2*h. What is d(h)?
7
Suppose -2*v + n = 0, 0 = -3*v + 7*v + n + 6. Let s be 10 + (8/12)/(v/6). Let b(o) = -o**2 + 4*o - 5. Give b(s).
-17
Let m(q) = -q**3 + 21*q**2 - 40*q + 42. Let f be (-116)/(-6) + (-23)/69. Calculate m(f).
4
Let o(y) = 5 + 5 + y - 2. Suppose 2*u = 3*x + 29, -3*u - 7 = 5*x + 54. Let m(i) = i**3 + 12*i**2 + 6*i - 65. Let r be m(x). Give o(r).
-2
Let g(b) = 3*b**3 - 6*b**2 - 2*b + 3. Let z(h) = -h**3 + h**2 + h. Let o(i) = g(i) + 2*z(i). Let v = -98 + 343. Let x be (52/7)/2 + 70/v. Calculate o(x).
3
Suppose -4*p = -2*m - 14, 21 = 2*m + 5*p - 2*p. Let x(v) = 11311*v - 11312*v + 6*v**m + 2*v**3. Calculate x(-1).
-7
Let s(t) be the third derivative of 7*t**5/30 + t**4/24 - t**3/6 + 19*t**2. Let h = -47 + 75. Let b = -27 + h. What is s(b)?
14
Suppose -5*b + 4*s = 0, 4*b - 47 = -2*s - 21. Let j(o) = -124*o + 6532 - 6527 - o**2 + 128*o. Calculate j(b).
5
Let r(n) = 147*n**3 - 23*n**2 - 12*n + 18. Let g(h) = 80*h**3 - 12*h**2 - 6*h + 9. Let z(y) = 11*g(y) - 6*r(y). What is z(4)?
-17
Let j be (-104)/(-39)*207/(-23). Let n(a) = a**2 + 19*a - 121. Determine n(j).
-1
Let w(l) = 8741*l - 17474*l + 8732*l + 32. Determine w(32).
0
Suppose -6*x + 3212 = 47*x + 20*x. Let v(w) = w**2 - 41*w - 137. Give v(x).
-5
Let n(x) = -4*x. Let s(w) = -5*w. Let r(u) = -6*n(u) + 5*s(u). Let j(y) = 6*y + 6. Let b be j(0). Determine r(b).
-6
Let a(t) = -t - 1 - 3 - t**2 + 12. Suppose 63*i - 68*i - w = 31, -3*w = 3. Calculate a(i).
-22
Let u = 49 - 48. Suppose -h - 3 = 2*l, -5*h - 25 = l - u. Let a(t) = 2*t + 11. Calculate a(h).
1
Let k(x) = x**2 + 2*x - 20. Suppose -19*i - 24 + 81 = 0. What is k(i)?
-5
Suppose 0*d - 4*d = -28. Let o(s) be the second derivative of -s**3/6 + 8*s**2 - 15948*s. What is o(d)?
9
Let z(a) = -a - 1. Let m(t) = -t**2 + 5*t + 2. Let b be m(-10). Let q = -128 - b. Suppose 3*s = -2*s - q. Determine z(s).
3
Let s(i) = -i**2 - 3*i + 3. Suppose 608*p - 613*p + 155 = 0. Let h(t) = -t**2 + 34*t - 98. Let k be h(p). Give s(k).
-7
Let w(z) = 41744 - 10*z + 12*z**2 - 41835 - 9*z**2. What is w(-4)?
-3
Let q(z) = 4*z**3 + 35*z**2 + 5*z + 16. Let c(g) = 5*g**3 + 43*g**2 + 5*g + 18. Let n(y) = 5*c(y) - 6*q(y). Calculate n(-5).
19
Let q(f) = -f**3 - 4*f**2 - 4*f - 4. Let c(y) be the first derivative of -1/2*y**2 - 3*y + 1/3*y**3 - 1. Let l be c(0). Give q(l).
-1
Let p(d) be the third derivative of -d**6/180 - 3*d**5/40 - 107*d**4/24 + d**2. Let z(f) be the second derivative of p(f). Give z(-7).
19
Suppose -5 - 11 = -p. Suppose t = -3*t + p. Let n(f) = f**2 - 2*f**2 + 3*f + t + 3 - 3. Calculate n(3).
4
Let d be (-66 - -64)/(-1*(-6)/(-9)). Let c(u) be the second derivative of -u**4/12 + 2*u**3/3 - u**2/2 + u. Give c(d).
2
Let f be (5/4 - -1)*144/(-54). Let x(c) = 0*c**2 - 12*c - 19 - c**2 + 20. Give x(f).
37
Let g(z) = z**3 - z**2 + z + 8. Let x(m) = 15*m**2 + 13*m - 3. Let n(j) = g(j) + x(j). Give n(-13).
-8
Let f(d) be the third derivative of 1/24*d**4 - 1 + 7/6*d**3 + 0*d - 78*d**2. What is f(7)?
14
Let k be -35 - -38 - (-2 - (-3 - -12)). Let z(x) = -28*x + 391. Determine z(k).
-1
Let w(s) = -2*s + 8. Suppose -204 - 152 = -113*q - 17. Determine w(q).
2
Let u(j) = j**2 + 212*j + 9021. Let r be u(-153). Let i(l) = 2*l**3 + l - 1. Let b be i(1). Let w(x) = 7*x + 3*x**2 - 8*x**2 - x**3 + 6 - b. Calculate w(r).
-2
Suppose r = 4*o - 94, -3*r + 63 - 161 = -4*o. Let p(j) = j**2 + 2*j + o - 25 - 4*j. Suppose 0 = a - 4*g - 2, -33*a + 3*g - 18 = -42*a. Calculate p(a).
-2
Suppose 2 = 3*y - 22. Let q(t) = 6*t + 327 - 465 + 131 - 9*t. Give q(y).
-31
Let a(d) = 565 + 554 - 1113 + 6*d. Determine a(-8).
-42
Let c(v) be the third derivative of -v**7/1260 + v**6/120 + v**5/4 - v**4/12 - 2*v**2 + 6*v. Let r(d) be the third derivative of c(d). Calculate r(5).
-14
Let j(w) = 13*w + w**2 - 30 + 17 - 24 + 3*w. Let y be j(-18). Let q(b) = 1 - 2 + b - 5*b**2 + 2. What is q(y)?
-5
Suppose 13 = -q - 3*v + 46, -5*q - 3*v = -201. Suppose -q = -11*i + 4*i. Let n(k) = i*k + 3*k - 17*k + k. What is n(-1)?
7
Let x(w) be the second derivative of -2*w + 0 - 4*w**2 + 1/3*w**3 + 1/8*w**4. Let u(b) be the first derivative of x(b). Calculate u(-2).
-4
Let a(g) be the first derivative of -g**5/60 + 13*g**4/24 - 5*g**3/6 + 11*g**2 + 3*g - 39. Let y(k) be the second derivative of a(k). Give y(14).
-19
Let p(d) be the third derivative of 1/60*d**5 + 0 + 1/2*d**3 + 0*d - 7/12*d**4 - 87*d**2. Give p(13).
-10
Let w(c) = -3*c**2 - c. Let s(d) = -6*d**2 - d + 1. Let t(o) = 3*s(o) - 5*w(o). Let l(y) = -y**3 + 4*y**2 + 10*y + 16. Let r be l(6). Calculate t(r).
-37
Let o(w) = 3*w**2 - 7*w - 12. Let i(g) = 7*g**2 - 15*g - 23. Let v(a) = 2*i(a) - 5*o(a). What is v(7)?
0
Let p(l) be the first derivative of -l**4/2 + l**3/3 - 52*l - 3508. Calculate p(0).
-52
Let h(i) be the second derivative of 3*i**5/20 + i**4/12 - i**3/6 + i**2 + 16*i. Let t = -2720 + 2718. Give h(t).
-16
Let x(v) be the second derivative of v**5/20 + 7*v**4/4 - 11*v**3/3 + v**2 + 321*v + 5. What is x(-22)?
2
Let n(w) = 3*w - 1. Let s(h) = h**3 - 2*h**2 + 15*h - 28. Let j be s(2). Suppose j*q = 9 + 11. What is n(q)?
29
Let t = -717 + 735. Let o(m) = 2*m - 17. Give o(t).
19
Let z(j) = -2*j + 4. Let y(i) = -i + 1. Let k = 22 + -20. Let l be (9 - 12/2)*2/k. Let s(n) = l*y(n) - z(n). Determine s(-5).
4
Let c = -319 - -499. Let n be (-4)/(-1)*(-8 + c/16). Let l(h) = -h**3 + 13*h**2 - 2*h + 6. Give l(n).
-20
Let l(x) be the second derivative of x**5/20 - 5*x**4/6 + 4*x**3/3 - 5*x**2/2 - 14*x - 4. What is l(9)?
-14
Let t(p) = -3*p**2 - 3*p - 30. Let z = 7999 - 7999. Determine t(z).
-30
Suppose 6*v + 4*b + 7 = 3*v, 2 = -v - b. Let y(h) = -3*h + 2. Let x(l) be the first derivative of l**2 - l - 2. Let q(r) = -5*x(r) - 3*y(r). Determine q(v).
0
Let x be (1/2 + (-25)/(-6))/((-408)/612). Let m(y) = -10*y - 9 - 11*y + 0 + 15*y. Give m(x).
33
Let f = 33700 + -33694. Let d(